{"id":9266,"date":"2024-04-23T13:14:04","date_gmt":"2024-04-23T16:14:04","guid":{"rendered":"https:\/\/plantpaisajismo.cl\/?page_id=9266"},"modified":"2025-07-03T17:13:53","modified_gmt":"2025-07-03T20:13:53","slug":"servicios","status":"publish","type":"page","link":"https:\/\/plantpaisajismo.cl\/index.php\/servicios\/","title":{"rendered":"Servicios"},"content":{"rendered":"<section class=\"l-section wpb_row us_custom_eb849559 height_custom with_img\"><div class=\"l-section-img lazyload\" role=\"img\" data-img-width=\"8238\" data-img-height=\"3225\" style=\"background-image:inherit;background-repeat: no-repeat;\" data-bg-image=\"url(https:\/\/plantpaisajismo.cl\/wp-content\/uploads\/2024\/05\/fondo-servicios-plant-43.png)\"><\/div><div class=\"l-section-h i-cf\"><div class=\"g-cols vc_row via_flex valign_top type_default stacking_default\"><div class=\"vc_col-sm-12 wpb_column vc_column_container\"><div class=\"vc_column-inner\"><div class=\"wpb_wrapper\"><div class=\"wpb_text_column\"><div class=\"wpb_wrapper\"><h2 style=\"text-align: center;\"><strong><span style=\"color: #5b8108;\">NUESTROS SERVICIOS<\/span><\/strong><\/h2>\n<\/div><\/div><div class=\"w-separator size_medium\"><\/div><\/div><\/div><\/div><div class=\"vc_col-sm-3 wpb_column vc_column_container\"><div class=\"vc_column-inner us_custom_eb849559\"><div class=\"wpb_wrapper\"><div class=\"w-vwrapper serv-img align_center valign_bottom\"><div class=\"w-separator size_custom\" style=\"height:30px\"><\/div><div class=\"w-image us_custom_10b33f21 icono-servicios align_center\"><a href=\"\/index.php\/asesoria-de-paisajismo\/\" aria-label=\"1\" class=\"w-image-h\"><img decoding=\"async\" width=\"614\" height=\"614\" data-src=\"https:\/\/plantpaisajismo.cl\/wp-content\/uploads\/2024\/04\/1.png\" class=\"attachment-large size-large lazyload\" alt=\"\" loading=\"lazy\" data-srcset=\"https:\/\/plantpaisajismo.cl\/wp-content\/uploads\/2024\/04\/1.png 614w, https:\/\/plantpaisajismo.cl\/wp-content\/uploads\/2024\/04\/1-300x300.png 300w, https:\/\/plantpaisajismo.cl\/wp-content\/uploads\/2024\/04\/1-150x150.png 150w, https:\/\/plantpaisajismo.cl\/wp-content\/uploads\/2024\/04\/1-600x600.png 600w\" data-sizes=\"(max-width: 614px) 100vw, 614px\" src=\"data:image\/gif;base64,R0lGODlhAQABAAAAACH5BAEKAAEALAAAAAABAAEAAAICTAEAOw==\" style=\"--smush-placeholder-width: 614px; --smush-placeholder-aspect-ratio: 614\/614;\" \/><noscript><img decoding=\"async\" width=\"614\" height=\"614\" src=\"https:\/\/plantpaisajismo.cl\/wp-content\/uploads\/2024\/04\/1.png\" class=\"attachment-large size-large\" alt=\"\" loading=\"lazy\" srcset=\"https:\/\/plantpaisajismo.cl\/wp-content\/uploads\/2024\/04\/1.png 614w, https:\/\/plantpaisajismo.cl\/wp-content\/uploads\/2024\/04\/1-300x300.png 300w, https:\/\/plantpaisajismo.cl\/wp-content\/uploads\/2024\/04\/1-150x150.png 150w, https:\/\/plantpaisajismo.cl\/wp-content\/uploads\/2024\/04\/1-600x600.png 600w\" sizes=\"(max-width: 614px) 100vw, 614px\" \/><\/noscript><\/a><\/div><div class=\"wpb_text_column us_custom_5d39caf6 txt_serv\"><div class=\"wpb_wrapper\"><h5 style=\"text-align: center;\"><a href=\"\/index.php\/asesoria-de-paisajismo\/\"><span style=\"color: #5d800a;\"><strong>ASESOR\u00cdA DE PAISAJISMO<\/strong><\/span><\/a><\/h5>\n<\/div><\/div><div class=\"w-separator size_small\"><\/div><\/div><div class=\"w-separator size_medium\"><\/div><\/div><\/div><\/div><div class=\"vc_col-sm-3 wpb_column vc_column_container\"><div class=\"vc_column-inner\"><div class=\"wpb_wrapper\"><div class=\"w-vwrapper serv-img align_center valign_top\"><div class=\"w-separator size_custom\" style=\"height:30px\"><\/div><div class=\"w-image us_custom_10b33f21 icono-servicios align_center\"><a href=\"\/index.php\/construcion-de-jardines\/\" aria-label=\"2\" class=\"w-image-h\"><img decoding=\"async\" width=\"614\" height=\"614\" data-src=\"https:\/\/plantpaisajismo.cl\/wp-content\/uploads\/2024\/04\/2.png\" class=\"attachment-large size-large lazyload\" alt=\"\" loading=\"lazy\" data-srcset=\"https:\/\/plantpaisajismo.cl\/wp-content\/uploads\/2024\/04\/2.png 614w, https:\/\/plantpaisajismo.cl\/wp-content\/uploads\/2024\/04\/2-300x300.png 300w, https:\/\/plantpaisajismo.cl\/wp-content\/uploads\/2024\/04\/2-150x150.png 150w, https:\/\/plantpaisajismo.cl\/wp-content\/uploads\/2024\/04\/2-600x600.png 600w\" data-sizes=\"(max-width: 614px) 100vw, 614px\" src=\"data:image\/gif;base64,R0lGODlhAQABAAAAACH5BAEKAAEALAAAAAABAAEAAAICTAEAOw==\" style=\"--smush-placeholder-width: 614px; --smush-placeholder-aspect-ratio: 614\/614;\" \/><noscript><img decoding=\"async\" width=\"614\" height=\"614\" src=\"https:\/\/plantpaisajismo.cl\/wp-content\/uploads\/2024\/04\/2.png\" class=\"attachment-large size-large\" alt=\"\" loading=\"lazy\" srcset=\"https:\/\/plantpaisajismo.cl\/wp-content\/uploads\/2024\/04\/2.png 614w, https:\/\/plantpaisajismo.cl\/wp-content\/uploads\/2024\/04\/2-300x300.png 300w, https:\/\/plantpaisajismo.cl\/wp-content\/uploads\/2024\/04\/2-150x150.png 150w, https:\/\/plantpaisajismo.cl\/wp-content\/uploads\/2024\/04\/2-600x600.png 600w\" sizes=\"(max-width: 614px) 100vw, 614px\" \/><\/noscript><\/a><\/div><div class=\"wpb_text_column\"><div class=\"wpb_wrapper\"><h5 class=\"w-post-elm post_title usg_post_title_1 has_text_color align_center woocommerce-loop-product__title color_link_inherit\" style=\"text-align: center;\"><a href=\"\/index.php\/construcion-de-jardines\/\"><span style=\"color: #5d800a;\"><strong>CONSTRUCCI\u00d3N DE JARDINES<\/strong><\/span><\/a><\/h5>\n<\/div><\/div><div class=\"w-separator size_small\"><\/div><\/div><div class=\"w-separator size_medium\"><\/div><\/div><\/div><\/div><div class=\"vc_col-sm-3 wpb_column vc_column_container\"><div class=\"vc_column-inner\"><div class=\"wpb_wrapper\"><div class=\"w-vwrapper serv-img align_center valign_top\"><div class=\"w-separator size_custom\" style=\"height:30px\"><\/div><div class=\"w-image us_custom_10b33f21 icono-servicios align_center\"><a href=\"\/index.php\/direccion-de-paisajismo\/\" aria-label=\"8\" class=\"w-image-h\"><img decoding=\"async\" width=\"614\" height=\"614\" data-src=\"https:\/\/plantpaisajismo.cl\/wp-content\/uploads\/2024\/05\/8.png\" class=\"attachment-large size-large lazyload\" alt=\"\" loading=\"lazy\" data-srcset=\"https:\/\/plantpaisajismo.cl\/wp-content\/uploads\/2024\/05\/8.png 614w, https:\/\/plantpaisajismo.cl\/wp-content\/uploads\/2024\/05\/8-300x300.png 300w, https:\/\/plantpaisajismo.cl\/wp-content\/uploads\/2024\/05\/8-150x150.png 150w, https:\/\/plantpaisajismo.cl\/wp-content\/uploads\/2024\/05\/8-600x600.png 600w\" data-sizes=\"(max-width: 614px) 100vw, 614px\" src=\"data:image\/gif;base64,R0lGODlhAQABAAAAACH5BAEKAAEALAAAAAABAAEAAAICTAEAOw==\" style=\"--smush-placeholder-width: 614px; --smush-placeholder-aspect-ratio: 614\/614;\" \/><noscript><img decoding=\"async\" width=\"614\" height=\"614\" src=\"https:\/\/plantpaisajismo.cl\/wp-content\/uploads\/2024\/05\/8.png\" class=\"attachment-large size-large\" alt=\"\" loading=\"lazy\" srcset=\"https:\/\/plantpaisajismo.cl\/wp-content\/uploads\/2024\/05\/8.png 614w, https:\/\/plantpaisajismo.cl\/wp-content\/uploads\/2024\/05\/8-300x300.png 300w, https:\/\/plantpaisajismo.cl\/wp-content\/uploads\/2024\/05\/8-150x150.png 150w, https:\/\/plantpaisajismo.cl\/wp-content\/uploads\/2024\/05\/8-600x600.png 600w\" sizes=\"(max-width: 614px) 100vw, 614px\" \/><\/noscript><\/a><\/div><div class=\"wpb_text_column\"><div class=\"wpb_wrapper\"><h5 class=\"w-post-elm post_title usg_post_title_1 has_text_color align_center woocommerce-loop-product__title color_link_inherit\" style=\"text-align: center;\"><a href=\"\/index.php\/direccion-de-paisajismo\/\"><span style=\"color: #5d800a;\"><strong>DISE\u00d1O DE JARDINES<\/strong><\/span><\/a><\/h5>\n<\/div><\/div><div class=\"w-separator size_small\"><\/div><\/div><div class=\"w-separator size_medium\"><\/div><\/div><\/div><\/div><div class=\"vc_col-sm-3 wpb_column vc_column_container\"><div class=\"vc_column-inner\"><div class=\"wpb_wrapper\"><div class=\"w-vwrapper serv-img align_center valign_bottom\"><div class=\"w-separator size_custom\" style=\"height:30px\"><\/div><div class=\"w-image us_custom_10b33f21 icono-servicios align_center\"><a href=\"\/index.php\/mantencion-de-jardines\/\" aria-label=\"3\" class=\"w-image-h\"><img decoding=\"async\" width=\"614\" height=\"614\" data-src=\"https:\/\/plantpaisajismo.cl\/wp-content\/uploads\/2024\/04\/3.png\" class=\"attachment-large size-large lazyload\" alt=\"\" loading=\"lazy\" data-srcset=\"https:\/\/plantpaisajismo.cl\/wp-content\/uploads\/2024\/04\/3.png 614w, https:\/\/plantpaisajismo.cl\/wp-content\/uploads\/2024\/04\/3-300x300.png 300w, https:\/\/plantpaisajismo.cl\/wp-content\/uploads\/2024\/04\/3-150x150.png 150w, https:\/\/plantpaisajismo.cl\/wp-content\/uploads\/2024\/04\/3-600x600.png 600w\" data-sizes=\"(max-width: 614px) 100vw, 614px\" src=\"data:image\/gif;base64,R0lGODlhAQABAAAAACH5BAEKAAEALAAAAAABAAEAAAICTAEAOw==\" style=\"--smush-placeholder-width: 614px; --smush-placeholder-aspect-ratio: 614\/614;\" \/><noscript><img decoding=\"async\" width=\"614\" height=\"614\" src=\"https:\/\/plantpaisajismo.cl\/wp-content\/uploads\/2024\/04\/3.png\" class=\"attachment-large size-large\" alt=\"\" loading=\"lazy\" srcset=\"https:\/\/plantpaisajismo.cl\/wp-content\/uploads\/2024\/04\/3.png 614w, https:\/\/plantpaisajismo.cl\/wp-content\/uploads\/2024\/04\/3-300x300.png 300w, https:\/\/plantpaisajismo.cl\/wp-content\/uploads\/2024\/04\/3-150x150.png 150w, https:\/\/plantpaisajismo.cl\/wp-content\/uploads\/2024\/04\/3-600x600.png 600w\" sizes=\"(max-width: 614px) 100vw, 614px\" \/><\/noscript><\/a><\/div><div class=\"wpb_text_column\"><div class=\"wpb_wrapper\"><h5 class=\"w-post-elm post_title usg_post_title_1 has_text_color align_center woocommerce-loop-product__title color_link_inherit\" style=\"text-align: center;\"><a href=\"\/index.php\/mantencion-de-jardines\/\"><span style=\"color: #5d800a;\"><strong>MANTENIMIENTO DE JARDINES<\/strong><\/span><\/a><\/h5>\n<\/div><\/div><div class=\"w-separator size_small\"><\/div><\/div><div class=\"w-separator size_medium\"><\/div><\/div><\/div><\/div><div class=\"vc_col-sm-3 wpb_column vc_column_container\"><div class=\"vc_column-inner\"><div class=\"wpb_wrapper\"><div class=\"w-vwrapper serv-img align_center valign_bottom\"><div class=\"w-separator size_custom\" style=\"height:30px\"><\/div><div class=\"w-image us_custom_10b33f21 icono-servicios align_center\"><a href=\"\/index.php\/paisajismo-de-interior\/\" aria-label=\"6\" class=\"w-image-h\"><img decoding=\"async\" width=\"614\" height=\"614\" data-src=\"https:\/\/plantpaisajismo.cl\/wp-content\/uploads\/2024\/04\/6.png\" class=\"attachment-large size-large lazyload\" alt=\"\" loading=\"lazy\" data-srcset=\"https:\/\/plantpaisajismo.cl\/wp-content\/uploads\/2024\/04\/6.png 614w, https:\/\/plantpaisajismo.cl\/wp-content\/uploads\/2024\/04\/6-300x300.png 300w, https:\/\/plantpaisajismo.cl\/wp-content\/uploads\/2024\/04\/6-150x150.png 150w, https:\/\/plantpaisajismo.cl\/wp-content\/uploads\/2024\/04\/6-600x600.png 600w\" data-sizes=\"(max-width: 614px) 100vw, 614px\" src=\"data:image\/gif;base64,R0lGODlhAQABAAAAACH5BAEKAAEALAAAAAABAAEAAAICTAEAOw==\" style=\"--smush-placeholder-width: 614px; --smush-placeholder-aspect-ratio: 614\/614;\" \/><noscript><img decoding=\"async\" width=\"614\" height=\"614\" src=\"https:\/\/plantpaisajismo.cl\/wp-content\/uploads\/2024\/04\/6.png\" class=\"attachment-large size-large\" alt=\"\" loading=\"lazy\" srcset=\"https:\/\/plantpaisajismo.cl\/wp-content\/uploads\/2024\/04\/6.png 614w, https:\/\/plantpaisajismo.cl\/wp-content\/uploads\/2024\/04\/6-300x300.png 300w, https:\/\/plantpaisajismo.cl\/wp-content\/uploads\/2024\/04\/6-150x150.png 150w, https:\/\/plantpaisajismo.cl\/wp-content\/uploads\/2024\/04\/6-600x600.png 600w\" sizes=\"(max-width: 614px) 100vw, 614px\" \/><\/noscript><\/a><\/div><div class=\"wpb_text_column\"><div class=\"wpb_wrapper\"><h5 class=\"w-post-elm post_title usg_post_title_1 has_text_color align_center woocommerce-loop-product__title color_link_inherit\" style=\"text-align: center;\"><a href=\"\/index.php\/paisajismo-de-interior\/\"><span style=\"color: #5d800a;\"><strong>PAISAJISMO DE INTERIOR<\/strong><\/span><\/a><\/h5>\n<\/div><\/div><div class=\"w-separator size_small\"><\/div><\/div><\/div><\/div><\/div><div class=\"vc_col-sm-3 wpb_column vc_column_container\"><div class=\"vc_column-inner\"><div class=\"wpb_wrapper\"><div class=\"w-vwrapper serv-img align_center valign_middle\"><div class=\"w-separator size_custom\" style=\"height:30px\"><\/div><div class=\"w-image us_custom_10b33f21 icono-servicios align_center\"><a href=\"\/index.php\/podas-profesionales\/\" aria-label=\"4\" class=\"w-image-h\"><img decoding=\"async\" width=\"614\" height=\"614\" data-src=\"https:\/\/plantpaisajismo.cl\/wp-content\/uploads\/2024\/04\/4.png\" class=\"attachment-large size-large lazyload\" alt=\"\" loading=\"lazy\" data-srcset=\"https:\/\/plantpaisajismo.cl\/wp-content\/uploads\/2024\/04\/4.png 614w, https:\/\/plantpaisajismo.cl\/wp-content\/uploads\/2024\/04\/4-300x300.png 300w, https:\/\/plantpaisajismo.cl\/wp-content\/uploads\/2024\/04\/4-150x150.png 150w, https:\/\/plantpaisajismo.cl\/wp-content\/uploads\/2024\/04\/4-600x600.png 600w\" data-sizes=\"(max-width: 614px) 100vw, 614px\" src=\"data:image\/gif;base64,R0lGODlhAQABAAAAACH5BAEKAAEALAAAAAABAAEAAAICTAEAOw==\" style=\"--smush-placeholder-width: 614px; --smush-placeholder-aspect-ratio: 614\/614;\" \/><noscript><img decoding=\"async\" width=\"614\" height=\"614\" src=\"https:\/\/plantpaisajismo.cl\/wp-content\/uploads\/2024\/04\/4.png\" class=\"attachment-large size-large\" alt=\"\" loading=\"lazy\" srcset=\"https:\/\/plantpaisajismo.cl\/wp-content\/uploads\/2024\/04\/4.png 614w, https:\/\/plantpaisajismo.cl\/wp-content\/uploads\/2024\/04\/4-300x300.png 300w, https:\/\/plantpaisajismo.cl\/wp-content\/uploads\/2024\/04\/4-150x150.png 150w, https:\/\/plantpaisajismo.cl\/wp-content\/uploads\/2024\/04\/4-600x600.png 600w\" sizes=\"(max-width: 614px) 100vw, 614px\" \/><\/noscript><\/a><\/div><div class=\"wpb_text_column us_custom_eb849559\"><div class=\"wpb_wrapper\"><h5 class=\"w-post-elm post_title usg_post_title_1 has_text_color align_center woocommerce-loop-product__title color_link_inherit\" style=\"text-align: center;\"><a href=\"\/index.php\/podas-profesionales\/\"><span style=\"color: #5d800a;\"><strong>PODAS PROFESIONALES<\/strong><\/span><\/a><\/h5>\n<\/div><\/div><div class=\"w-separator size_small\"><\/div><\/div><\/div><\/div><\/div><div class=\"vc_col-sm-3 wpb_column vc_column_container\"><div class=\"vc_column-inner\"><div class=\"wpb_wrapper\"><div class=\"w-vwrapper serv-img align_center valign_bottom\"><div class=\"w-separator size_custom\" style=\"height:30px\"><\/div><div class=\"w-image us_custom_10b33f21 icono-servicios align_center\"><a href=\"\/index.php\/proyectos-de-paisajismo\/\" aria-label=\"9\" class=\"w-image-h\"><img decoding=\"async\" width=\"614\" height=\"614\" data-src=\"https:\/\/plantpaisajismo.cl\/wp-content\/uploads\/2024\/05\/9.png\" class=\"attachment-large size-large lazyload\" alt=\"\" loading=\"lazy\" data-srcset=\"https:\/\/plantpaisajismo.cl\/wp-content\/uploads\/2024\/05\/9.png 614w, https:\/\/plantpaisajismo.cl\/wp-content\/uploads\/2024\/05\/9-300x300.png 300w, https:\/\/plantpaisajismo.cl\/wp-content\/uploads\/2024\/05\/9-150x150.png 150w, https:\/\/plantpaisajismo.cl\/wp-content\/uploads\/2024\/05\/9-600x600.png 600w\" data-sizes=\"(max-width: 614px) 100vw, 614px\" src=\"data:image\/gif;base64,R0lGODlhAQABAAAAACH5BAEKAAEALAAAAAABAAEAAAICTAEAOw==\" style=\"--smush-placeholder-width: 614px; --smush-placeholder-aspect-ratio: 614\/614;\" \/><noscript><img decoding=\"async\" width=\"614\" height=\"614\" src=\"https:\/\/plantpaisajismo.cl\/wp-content\/uploads\/2024\/05\/9.png\" class=\"attachment-large size-large\" alt=\"\" loading=\"lazy\" srcset=\"https:\/\/plantpaisajismo.cl\/wp-content\/uploads\/2024\/05\/9.png 614w, https:\/\/plantpaisajismo.cl\/wp-content\/uploads\/2024\/05\/9-300x300.png 300w, https:\/\/plantpaisajismo.cl\/wp-content\/uploads\/2024\/05\/9-150x150.png 150w, https:\/\/plantpaisajismo.cl\/wp-content\/uploads\/2024\/05\/9-600x600.png 600w\" sizes=\"(max-width: 614px) 100vw, 614px\" \/><\/noscript><\/a><\/div><div class=\"wpb_text_column\"><div class=\"wpb_wrapper\"><h5 class=\"w-post-elm post_title usg_post_title_1 has_text_color align_center woocommerce-loop-product__title color_link_inherit\" style=\"text-align: center;\"><a href=\"\/index.php\/proyectos-de-paisajismo\/\"><span style=\"color: #5d800a;\"><strong>PROYECTOS DE PAISAJISMO<\/strong><\/span><\/a><\/h5>\n<\/div><\/div><div class=\"w-separator size_small\"><\/div><\/div><\/div><\/div><\/div><div class=\"vc_col-sm-3 wpb_column vc_column_container\"><div class=\"vc_column-inner\"><div class=\"wpb_wrapper\"><div class=\"w-vwrapper serv-img align_center valign_top\"><div class=\"w-separator size_custom\" style=\"height:30px\"><\/div><div class=\"w-image us_custom_10b33f21 icono-servicios align_center\"><a href=\"\/index.php\/riego-tecnificado\/\" aria-label=\"5\" class=\"w-image-h\"><img decoding=\"async\" width=\"614\" height=\"614\" data-src=\"https:\/\/plantpaisajismo.cl\/wp-content\/uploads\/2024\/04\/5.png\" class=\"attachment-large size-large lazyload\" alt=\"\" loading=\"lazy\" data-srcset=\"https:\/\/plantpaisajismo.cl\/wp-content\/uploads\/2024\/04\/5.png 614w, https:\/\/plantpaisajismo.cl\/wp-content\/uploads\/2024\/04\/5-300x300.png 300w, https:\/\/plantpaisajismo.cl\/wp-content\/uploads\/2024\/04\/5-150x150.png 150w, https:\/\/plantpaisajismo.cl\/wp-content\/uploads\/2024\/04\/5-600x600.png 600w\" data-sizes=\"(max-width: 614px) 100vw, 614px\" src=\"data:image\/gif;base64,R0lGODlhAQABAAAAACH5BAEKAAEALAAAAAABAAEAAAICTAEAOw==\" style=\"--smush-placeholder-width: 614px; --smush-placeholder-aspect-ratio: 614\/614;\" \/><noscript><img decoding=\"async\" width=\"614\" height=\"614\" src=\"https:\/\/plantpaisajismo.cl\/wp-content\/uploads\/2024\/04\/5.png\" class=\"attachment-large size-large\" alt=\"\" loading=\"lazy\" srcset=\"https:\/\/plantpaisajismo.cl\/wp-content\/uploads\/2024\/04\/5.png 614w, https:\/\/plantpaisajismo.cl\/wp-content\/uploads\/2024\/04\/5-300x300.png 300w, https:\/\/plantpaisajismo.cl\/wp-content\/uploads\/2024\/04\/5-150x150.png 150w, https:\/\/plantpaisajismo.cl\/wp-content\/uploads\/2024\/04\/5-600x600.png 600w\" sizes=\"(max-width: 614px) 100vw, 614px\" \/><\/noscript><\/a><\/div><div class=\"wpb_text_column\"><div class=\"wpb_wrapper\"><h5 class=\"w-post-elm post_title usg_post_title_1 has_text_color align_center woocommerce-loop-product__title color_link_inherit\" style=\"text-align: center;\"><a href=\"\/index.php\/riego-tecnificado\/\"><span style=\"color: #5d800a;\"><strong>RIEGO AUTOM\u00c1TICO<\/strong><\/span><\/a><\/h5>\n<\/div><\/div><div class=\"w-separator size_small\"><\/div><\/div><\/div><\/div><\/div><\/div><\/div><\/section>\n","protected":false},"excerpt":{"rendered":"NUESTROS SERVICIOS ASESOR\u00cdA DE PAISAJISMO CONSTRUCCI\u00d3N DE JARDINES DISE\u00d1O DE JARDINES MANTENIMIENTO DE JARDINES PAISAJISMO DE INTERIOR PODAS PROFESIONALES PROYECTOS DE PAISAJISMO RIEGO AUTOM\u00c1TICO","protected":false},"author":3,"featured_media":0,"parent":0,"menu_order":0,"comment_status":"closed","ping_status":"closed","template":"","meta":{"footnotes":""},"class_list":["post-9266","page","type-page","status-publish","hentry"],"acf":[],"_links":{"self":[{"href":"https:\/\/plantpaisajismo.cl\/index.php\/wp-json\/wp\/v2\/pages\/9266","targetHints":{"allow":["GET"]}}],"collection":[{"href":"https:\/\/plantpaisajismo.cl\/index.php\/wp-json\/wp\/v2\/pages"}],"about":[{"href":"https:\/\/plantpaisajismo.cl\/index.php\/wp-json\/wp\/v2\/types\/page"}],"author":[{"embeddable":true,"href":"https:\/\/plantpaisajismo.cl\/index.php\/wp-json\/wp\/v2\/users\/3"}],"replies":[{"embeddable":true,"href":"https:\/\/plantpaisajismo.cl\/index.php\/wp-json\/wp\/v2\/comments?post=9266"}],"version-history":[{"count":79,"href":"https:\/\/plantpaisajismo.cl\/index.php\/wp-json\/wp\/v2\/pages\/9266\/revisions"}],"predecessor-version":[{"id":11647,"href":"https:\/\/plantpaisajismo.cl\/index.php\/wp-json\/wp\/v2\/pages\/9266\/revisions\/11647"}],"wp:attachment":[{"href":"https:\/\/plantpaisajismo.cl\/index.php\/wp-json\/wp\/v2\/media?parent=9266"}],"curies":[{"name":"wp","href":"https:\/\/api.w.org\/{rel}","templated":true}]}}