{"id":9104,"date":"2023-03-21T20:00:20","date_gmt":"2023-03-21T20:00:20","guid":{"rendered":"http:\/\/bioplagas.srtv.cl\/?page_id=9104"},"modified":"2025-07-03T16:26:57","modified_gmt":"2025-07-03T19:26:57","slug":"quienes-somos","status":"publish","type":"page","link":"https:\/\/plantpaisajismo.cl\/index.php\/quienes-somos\/","title":{"rendered":"Quienes somos"},"content":{"rendered":"<section class=\"l-section wpb_row us_custom_280f0fc9 height_custom\"><div class=\"l-section-h i-cf\"><div class=\"g-cols vc_row via_flex valign_top type_default stacking_default\"><div class=\"vc_col-sm-2 wpb_column vc_column_container\"><div class=\"vc_column-inner\"><div class=\"wpb_wrapper\"><\/div><\/div><\/div><div class=\"vc_col-sm-8 wpb_column vc_column_container\"><div class=\"vc_column-inner\"><div class=\"wpb_wrapper\"><div class=\"wpb_text_column us_custom_b74f6679 us_animate_this\"><div class=\"wpb_wrapper\"><h2 style=\"text-align: center;\"><strong>\u00a1BIENVENIDO A PLANT PAISAJISMO!<\/strong><\/h2>\n<\/div><\/div><div class=\"w-separator size_medium\"><\/div><div class=\"wpb_text_column us_custom_b74f6679 us_animate_this\"><div class=\"wpb_wrapper\"><h6>Somos una empresa con m\u00e1s de 20 a\u00f1os de experiencia dedicados al Dise\u00f1o y la Construcci\u00f3n de Jardines. Nuestro compromiso es crear espacios naturales que inspiren, conecten y mejoren la calidad de vida de nuestros clientes<\/h6>\n<\/div><\/div><\/div><\/div><\/div><div class=\"vc_col-sm-2 wpb_column vc_column_container\"><div class=\"vc_column-inner\"><div class=\"wpb_wrapper\"><\/div><\/div><\/div><\/div><\/div><\/section><section class=\"l-section wpb_row us_custom_e8ae9d96 has_text_color height_custom\"><div class=\"l-section-h i-cf\"><div class=\"g-cols vc_row via_flex valign_top type_default stacking_default\"><div class=\"vc_col-sm-2 wpb_column vc_column_container\"><div class=\"vc_column-inner\"><div class=\"wpb_wrapper\"><\/div><\/div><\/div><div class=\"vc_col-sm-8 wpb_column vc_column_container\"><div class=\"vc_column-inner\"><div class=\"wpb_wrapper\"><div class=\"wpb_text_column us_custom_b74f6679 us_animate_this\"><div class=\"wpb_wrapper\"><h2 style=\"text-align: center;\"><strong>NUESTRA FILOSOF\u00cdA Y ENFOQUE<\/strong><\/h2>\n<\/div><\/div><div class=\"w-separator size_medium\"><\/div><div class=\"wpb_text_column us_custom_de366d1c us_animate_this\"><div class=\"wpb_wrapper\"><h6>Abordamos cada proyecto con un enfoque, basado en la observaci\u00f3n cuidadosa de la naturaleza, la arquitectura circundante, la t\u00e9cnica innovadora y el conocimiento cient\u00edfico. Nos esforzamos por ofrecer dise\u00f1os contempor\u00e1neos, perdurables y adaptados a cada lugar, as\u00ed como a los gustos y requerimientos espec\u00edficos de quienes conf\u00edan en nosotros para transformar sus espacios exteriores.<\/h6>\n<\/div><\/div><\/div><\/div><\/div><div class=\"vc_col-sm-2 wpb_column vc_column_container\"><div class=\"vc_column-inner\"><div class=\"wpb_wrapper\"><\/div><\/div><\/div><\/div><\/div><\/section><section class=\"l-section wpb_row us_custom_b705983e has_text_color height_custom\"><div class=\"l-section-h i-cf\"><div class=\"g-cols vc_row via_flex valign_top type_default stacking_default\"><div class=\"vc_col-sm-2 wpb_column vc_column_container\"><div class=\"vc_column-inner\"><div class=\"wpb_wrapper\"><\/div><\/div><\/div><div class=\"vc_col-sm-8 wpb_column vc_column_container\"><div class=\"vc_column-inner\"><div class=\"wpb_wrapper\"><div class=\"wpb_text_column us_custom_de366d1c us_animate_this\"><div class=\"wpb_wrapper\"><h2 style=\"text-align: center;\"><strong>EXPERIENCIA Y EQUIPO PROFESIONAL<\/strong><\/h2>\n<\/div><\/div><div class=\"w-separator size_medium\"><\/div><div class=\"wpb_text_column us_custom_de366d1c us_animate_this\"><div class=\"wpb_wrapper\"><h6>Contamos con un equipo diverso y altamente calificado que incluye dise\u00f1adores paisajistas, ingenieros agr\u00f3nomos, t\u00e9cnicos especializados y jardineros, con una pasi\u00f3n compartida por crear entornos naturales excepcionales. Cada miembro de nuestro equipo aporta su experiencia y conocimientos para garantizar la excelencia en cada proyecto que emprendemos<\/h6>\n<\/div><\/div><\/div><\/div><\/div><div class=\"vc_col-sm-2 wpb_column vc_column_container\"><div class=\"vc_column-inner\"><div class=\"wpb_wrapper\"><\/div><\/div><\/div><\/div><\/div><\/section><section class=\"l-section wpb_row us_custom_2eb95bf2 has_text_color height_custom\"><div class=\"l-section-h i-cf\"><div class=\"g-cols vc_row via_flex valign_top type_default stacking_default\"><div class=\"vc_col-sm-12 wpb_column vc_column_container\"><div class=\"vc_column-inner\"><div class=\"wpb_wrapper\"><div class=\"g-cols wpb_row via_flex valign_top type_default stacking_default\"><div class=\"vc_col-sm-12 wpb_column vc_column_container\"><div class=\"vc_column-inner\"><div class=\"wpb_wrapper\"><div class=\"wpb_text_column us_custom_de366d1c us_animate_this\"><div class=\"wpb_wrapper\"><h2 style=\"text-align: center;\"><strong>NUESTRO EQUIPO PROFESIONAL<\/strong><\/h2>\n<\/div><\/div><div class=\"w-separator size_large\"><\/div><\/div><\/div><\/div><\/div><div class=\"g-cols wpb_row via_flex valign_middle type_default stacking_default\"><div class=\"vc_col-sm-2 wpb_column vc_column_container\"><div class=\"vc_column-inner\"><div class=\"wpb_wrapper\"><\/div><\/div><\/div><div class=\"vc_col-sm-2 wpb_column vc_column_container\"><div class=\"vc_column-inner us_custom_eb849559\"><div class=\"wpb_wrapper\"><div class=\"w-vwrapper us_custom_8e6fd051 us_animate_this align_center valign_top\"><div class=\"w-image us_custom_da8602c6 style_circle align_center\"><div class=\"w-image-h\"><img decoding=\"async\" width=\"263\" height=\"300\" data-src=\"https:\/\/plantpaisajismo.cl\/wp-content\/uploads\/2024\/05\/LUCY-263x300.png\" class=\"attachment-medium size-medium lazyload\" alt=\"\" loading=\"lazy\" data-srcset=\"https:\/\/plantpaisajismo.cl\/wp-content\/uploads\/2024\/05\/LUCY-263x300.png 263w, https:\/\/plantpaisajismo.cl\/wp-content\/uploads\/2024\/05\/LUCY.png 376w\" data-sizes=\"(max-width: 263px) 100vw, 263px\" src=\"data:image\/gif;base64,R0lGODlhAQABAAAAACH5BAEKAAEALAAAAAABAAEAAAICTAEAOw==\" style=\"--smush-placeholder-width: 263px; --smush-placeholder-aspect-ratio: 263\/300;\" \/><noscript><img decoding=\"async\" width=\"263\" height=\"300\" src=\"https:\/\/plantpaisajismo.cl\/wp-content\/uploads\/2024\/05\/LUCY-263x300.png\" class=\"attachment-medium size-medium\" alt=\"\" loading=\"lazy\" srcset=\"https:\/\/plantpaisajismo.cl\/wp-content\/uploads\/2024\/05\/LUCY-263x300.png 263w, https:\/\/plantpaisajismo.cl\/wp-content\/uploads\/2024\/05\/LUCY.png 376w\" sizes=\"(max-width: 263px) 100vw, 263px\" \/><\/noscript><\/div><\/div><div class=\"wpb_text_column\"><div class=\"wpb_wrapper\"><h6 style=\"text-align: center;\"><strong>Lucy D\u00edaz Doren<\/strong><\/h6>\n<\/div><\/div><\/div><\/div><\/div><\/div><div class=\"vc_col-sm-6 wpb_column vc_column_container\"><div class=\"vc_column-inner\"><div class=\"wpb_wrapper\"><div class=\"wpb_text_column us_custom_ff13c409 us_animate_this\"><div class=\"wpb_wrapper\"><h6>Dise\u00f1adora Paisajista con diplomado en Arquitectura del Paisaje en la Universidad Cat\u00f3lica y estudios de perfeccionamiento en el Club de Jardines de Chile. Su pasi\u00f3n por las plantas y el dise\u00f1o se refleja en cada una de sus obras desde 1995.<\/h6>\n<\/div><\/div><\/div><\/div><\/div><div class=\"vc_col-sm-2 wpb_column vc_column_container\"><div class=\"vc_column-inner\"><div class=\"wpb_wrapper\"><\/div><\/div><\/div><div class=\"vc_col-sm-12 wpb_column vc_column_container\"><div class=\"vc_column-inner\"><div class=\"wpb_wrapper\"><div class=\"w-separator size_small\"><\/div><\/div><\/div><\/div><\/div><div class=\"g-cols wpb_row via_flex valign_middle type_default stacking_default\"><div class=\"vc_col-sm-2 wpb_column vc_column_container\"><div class=\"vc_column-inner\"><div class=\"wpb_wrapper\"><\/div><\/div><\/div><div class=\"vc_col-sm-6 wpb_column vc_column_container\"><div class=\"vc_column-inner\"><div class=\"wpb_wrapper\"><div class=\"wpb_text_column us_custom_8de69479 us_animate_this\"><div class=\"wpb_wrapper\"><h6>Ingeniero Agr\u00f3nomo de la Universidad de Chile, con estudios de postgrado en Holanda. Desde 2001 se dedica al Paisajismo, enfocado en la ejecuci\u00f3n y asesor\u00eda de parques y jardines.<\/h6>\n<\/div><\/div><\/div><\/div><\/div><div class=\"vc_col-sm-2 wpb_column vc_column_container\"><div class=\"vc_column-inner\"><div class=\"wpb_wrapper\"><div class=\"w-vwrapper us_custom_8e6fd051 us_animate_this align_center valign_top\"><div class=\"w-image us_custom_da8602c6 style_circle align_center\"><div class=\"w-image-h\"><img decoding=\"async\" width=\"300\" height=\"282\" data-src=\"https:\/\/plantpaisajismo.cl\/wp-content\/uploads\/2024\/05\/CHRISTIAN-300x282.png\" class=\"attachment-medium size-medium lazyload\" alt=\"\" loading=\"lazy\" data-srcset=\"https:\/\/plantpaisajismo.cl\/wp-content\/uploads\/2024\/05\/CHRISTIAN-300x282.png 300w, https:\/\/plantpaisajismo.cl\/wp-content\/uploads\/2024\/05\/CHRISTIAN.png 395w\" data-sizes=\"(max-width: 300px) 100vw, 300px\" src=\"data:image\/gif;base64,R0lGODlhAQABAAAAACH5BAEKAAEALAAAAAABAAEAAAICTAEAOw==\" style=\"--smush-placeholder-width: 300px; --smush-placeholder-aspect-ratio: 300\/282;\" \/><noscript><img decoding=\"async\" width=\"300\" height=\"282\" src=\"https:\/\/plantpaisajismo.cl\/wp-content\/uploads\/2024\/05\/CHRISTIAN-300x282.png\" class=\"attachment-medium size-medium\" alt=\"\" loading=\"lazy\" srcset=\"https:\/\/plantpaisajismo.cl\/wp-content\/uploads\/2024\/05\/CHRISTIAN-300x282.png 300w, https:\/\/plantpaisajismo.cl\/wp-content\/uploads\/2024\/05\/CHRISTIAN.png 395w\" sizes=\"(max-width: 300px) 100vw, 300px\" \/><\/noscript><\/div><\/div><div class=\"wpb_text_column\"><div class=\"wpb_wrapper\"><h6 style=\"text-align: center;\"><strong>Christian D\u00edaz Doren<\/strong><\/h6>\n<\/div><\/div><\/div><div class=\"w-separator size_custom\" style=\"height:10px\"><\/div><\/div><\/div><\/div><div class=\"vc_col-sm-2 wpb_column vc_column_container\"><div class=\"vc_column-inner\"><div class=\"wpb_wrapper\"><\/div><\/div><\/div><\/div><\/div><\/div><\/div><\/div><\/div><\/section>\n","protected":false},"excerpt":{"rendered":"\u00a1BIENVENIDO A PLANT PAISAJISMO! Somos una empresa con m\u00e1s de 20 a\u00f1os de experiencia dedicados al Dise\u00f1o y la Construcci\u00f3n de Jardines. Nuestro compromiso es crear espacios naturales que inspiren, conecten y mejoren la calidad de vida de nuestros clientes NUESTRA FILOSOF\u00cdA Y ENFOQUE Abordamos cada proyecto con un enfoque, basado en la observaci\u00f3n cuidadosa...","protected":false},"author":3,"featured_media":0,"parent":0,"menu_order":0,"comment_status":"closed","ping_status":"closed","template":"","meta":{"footnotes":""},"class_list":["post-9104","page","type-page","status-publish","hentry"],"acf":[],"_links":{"self":[{"href":"https:\/\/plantpaisajismo.cl\/index.php\/wp-json\/wp\/v2\/pages\/9104","targetHints":{"allow":["GET"]}}],"collection":[{"href":"https:\/\/plantpaisajismo.cl\/index.php\/wp-json\/wp\/v2\/pages"}],"about":[{"href":"https:\/\/plantpaisajismo.cl\/index.php\/wp-json\/wp\/v2\/types\/page"}],"author":[{"embeddable":true,"href":"https:\/\/plantpaisajismo.cl\/index.php\/wp-json\/wp\/v2\/users\/3"}],"replies":[{"embeddable":true,"href":"https:\/\/plantpaisajismo.cl\/index.php\/wp-json\/wp\/v2\/comments?post=9104"}],"version-history":[{"count":68,"href":"https:\/\/plantpaisajismo.cl\/index.php\/wp-json\/wp\/v2\/pages\/9104\/revisions"}],"predecessor-version":[{"id":11641,"href":"https:\/\/plantpaisajismo.cl\/index.php\/wp-json\/wp\/v2\/pages\/9104\/revisions\/11641"}],"wp:attachment":[{"href":"https:\/\/plantpaisajismo.cl\/index.php\/wp-json\/wp\/v2\/media?parent=9104"}],"curies":[{"name":"wp","href":"https:\/\/api.w.org\/{rel}","templated":true}]}}